{"id":21,"date":"2022-03-20T10:39:37","date_gmt":"2022-03-20T03:39:37","guid":{"rendered":"http:\/\/ads.gcafefo4.pe.hu\/?page_id=21"},"modified":"2025-08-12T11:02:25","modified_gmt":"2025-08-12T04:02:25","slug":"bocaigcafev4","status":"publish","type":"page","link":"https:\/\/trannghiait.com\/index.php\/bocaigcafev4\/","title":{"rendered":"Gcafe (b\u1ea3o h\u00e0nh)"},"content":{"rendered":"\n<div id=\"ez-toc-container\" class=\"ez-toc-v2_0_64 counter-hierarchy ez-toc-counter ez-toc-light-blue ez-toc-container-direction\">\n<div class=\"ez-toc-title-container\">\n<p class=\"ez-toc-title \" >M\u1ee5c l\u1ee5c<\/p>\n<span class=\"ez-toc-title-toggle\"><a href=\"#\" class=\"ez-toc-pull-right ez-toc-btn ez-toc-btn-xs ez-toc-btn-default ez-toc-toggle\" aria-label=\"Toggle Table of Content\"><span class=\"ez-toc-js-icon-con\"><span class=\"\"><span class=\"eztoc-hide\" style=\"display:none;\">Toggle<\/span><span class=\"ez-toc-icon-toggle-span\"><svg style=\"fill: #999;color:#999\" xmlns=\"http:\/\/www.w3.org\/2000\/svg\" class=\"list-377408\" width=\"20px\" height=\"20px\" viewBox=\"0 0 24 24\" fill=\"none\"><path d=\"M6 6H4v2h2V6zm14 0H8v2h12V6zM4 11h2v2H4v-2zm16 0H8v2h12v-2zM4 16h2v2H4v-2zm16 0H8v2h12v-2z\" fill=\"currentColor\"><\/path><\/svg><svg style=\"fill: #999;color:#999\" class=\"arrow-unsorted-368013\" xmlns=\"http:\/\/www.w3.org\/2000\/svg\" width=\"10px\" height=\"10px\" viewBox=\"0 0 24 24\" version=\"1.2\" baseProfile=\"tiny\"><path d=\"M18.2 9.3l-6.2-6.3-6.2 6.3c-.2.2-.3.4-.3.7s.1.5.3.7c.2.2.4.3.7.3h11c.3 0 .5-.1.7-.3.2-.2.3-.5.3-.7s-.1-.5-.3-.7zM5.8 14.7l6.2 6.3 6.2-6.3c.2-.2.3-.5.3-.7s-.1-.5-.3-.7c-.2-.2-.4-.3-.7-.3h-11c-.3 0-.5.1-.7.3-.2.2-.3.5-.3.7s.1.5.3.7z\"\/><\/svg><\/span><\/span><\/span><\/a><\/span><\/div>\n<nav><ul class='ez-toc-list ez-toc-list-level-1 ' ><li class='ez-toc-page-1 ez-toc-heading-level-2'><a class=\"ez-toc-link ez-toc-heading-1\" href=\"https:\/\/trannghiait.com\/index.php\/bocaigcafev4\/#Gcafe_la_gi\" title=\"Gcafe l\u00e0 g\u00ec?\">Gcafe l\u00e0 g\u00ec?<\/a><\/li><li class='ez-toc-page-1 ez-toc-heading-level-2'><a class=\"ez-toc-link ez-toc-heading-2\" href=\"https:\/\/trannghiait.com\/index.php\/bocaigcafev4\/#Su_dung_Gcafe_IRG_de_duoc_gi\" title=\"S\u1eed d\u1ee5ng Gcafe (IRG) \u0111\u1ec3 \u0111\u01b0\u1ee3c g\u00ec???\">S\u1eed d\u1ee5ng Gcafe (IRG) \u0111\u1ec3 \u0111\u01b0\u1ee3c g\u00ec???<\/a><\/li><li class='ez-toc-page-1 ez-toc-heading-level-2'><a class=\"ez-toc-link ez-toc-heading-3\" href=\"https:\/\/trannghiait.com\/index.php\/bocaigcafev4\/#Su_dung_Gcafe_IRG_de_duoc_gi-2\" title=\"S\u1eed d\u1ee5ng Gcafe (IRG) \u0111\u1ec3 \u0111\u01b0\u1ee3c g\u00ec?\">S\u1eed d\u1ee5ng Gcafe (IRG) \u0111\u1ec3 \u0111\u01b0\u1ee3c g\u00ec?<\/a><\/li><li class='ez-toc-page-1 ez-toc-heading-level-2'><a class=\"ez-toc-link ez-toc-heading-4\" href=\"https:\/\/trannghiait.com\/index.php\/bocaigcafev4\/#Ho_tro_cai_dat_va_bao_hanh\" title=\"H\u1ed7 tr\u1ee3 c\u00e0i \u0111\u1eb7t v\u00e0 b\u1ea3o h\u00e0nh\">H\u1ed7 tr\u1ee3 c\u00e0i \u0111\u1eb7t v\u00e0 b\u1ea3o h\u00e0nh<\/a><\/li><li class='ez-toc-page-1 ez-toc-heading-level-2'><a class=\"ez-toc-link ez-toc-heading-5\" href=\"https:\/\/trannghiait.com\/index.php\/bocaigcafev4\/#Lien_He\" title=\"Li\u00ean H\u1ec7\">Li\u00ean H\u1ec7<\/a><ul class='ez-toc-list-level-3' ><li class='ez-toc-heading-level-3'><a class=\"ez-toc-link ez-toc-heading-6\" href=\"https:\/\/trannghiait.com\/index.php\/bocaigcafev4\/#CHUC_NANG_TU_SUA_LOI_KEY\" title=\"CH\u1ee8C N\u0102NG T\u1ef0 S\u1eecA L\u1ed6I KEY\">CH\u1ee8C N\u0102NG T\u1ef0 S\u1eecA L\u1ed6I KEY<\/a><\/li><\/ul><\/li><li class='ez-toc-page-1 ez-toc-heading-level-2'><a class=\"ez-toc-link ez-toc-heading-7\" href=\"https:\/\/trannghiait.com\/index.php\/bocaigcafev4\/#Giao_dich_GcafeX\" title=\"Giao d\u1ecbch #GcafeX\">Giao d\u1ecbch #GcafeX<\/a><\/li><\/ul><\/nav><\/div>\n<h2 class=\"wp-block-heading has-large-font-size\"><span class=\"ez-toc-section\" id=\"Gcafe_la_gi\"><\/span>Gcafe l\u00e0 g\u00ec?<span class=\"ez-toc-section-end\"><\/span><\/h2>\n\n\n\n<p>Gcafe l\u00e0 <strong>t\u00ednh n\u0103ng c\u1ee7a game FIFA ONLINE 4<\/strong> (hi\u1ec7n nay \u0111\u00e3 \u0111\u1ed5i t\u00ean th\u00e0nh <strong>FC Online<\/strong>).<br>M\u1ee5c \u0111\u00edch c\u1ee7a Gcafe l\u00e0 mang l\u1ea1i nhi\u1ec1u qu\u00e0 t\u1eb7ng v\u00e0 ph\u1ea7n th\u01b0\u1edfng h\u1ea5p d\u1eabn cho anh em <strong>c\u00e0y chay<\/strong>. Xem chi ti\u1ebft qua <a href=\"https:\/\/trannghiait.com\/index.php\/2023\/08\/27\/gcafe-la-gi-cach-tai-cai-dat-gcafe-gcafe-mo-duoc-icon-trong-fifa-online-4-khong\/\" data-type=\"link\" data-id=\"https:\/\/trannghiait.com\/index.php\/2023\/08\/27\/gcafe-la-gi-cach-tai-cai-dat-gcafe-gcafe-mo-duoc-icon-trong-fifa-online-4-khong\/\">b\u00e0i vi\u1ebft n\u00e0y<\/a><\/p>\n\n\n\n<p>Xem chi ti\u1ebft n\u1ed9i dung d\u01b0\u1edbi \u0111\u00e2y \u0111\u1ec3 hi\u1ec3u r\u00f5 h\u01a1n.<\/p>\n\n\n\n<h2 class=\"wp-block-heading has-large-font-size\"><span class=\"ez-toc-section\" id=\"Su_dung_Gcafe_IRG_de_duoc_gi\"><\/span>S\u1eed d\u1ee5ng Gcafe (IRG) \u0111\u1ec3 \u0111\u01b0\u1ee3c g\u00ec???<span class=\"ez-toc-section-end\"><\/span><\/h2>\n\n\n\n<h2 class=\"wp-block-heading\"><span class=\"ez-toc-section\" id=\"Su_dung_Gcafe_IRG_de_duoc_gi-2\"><\/span>S\u1eed d\u1ee5ng Gcafe (IRG) \u0111\u1ec3 \u0111\u01b0\u1ee3c g\u00ec?<span class=\"ez-toc-section-end\"><\/span><\/h2>\n\n\n\n<p>\u2705 <strong>Th\u00eam \u00f4 qu\u00e0 Gcafe + VIP\/VSiP<\/strong> \u2192 \u0111\u01b0\u1ee3c 2 \u00f4 qu\u00e0.<br>\u2705 <strong>+30% EXP c\u1ea7u th\u1ee7<\/strong>.<br>\u2705 <strong>+10% EXP HLV<\/strong>.<br>\u2705 <strong>+10% th\u01b0\u1edfng sau tr\u1eadn<\/strong>.<br>\u2705 <strong>Giao d\u1ecbch c\u00f3 Gcafe m\u1edf th\u00eam 1 th\u1ebb<\/strong>.<br>\u2705 <strong>Th\u1ebb c\u1ea7u th\u1ee7 ch\u1ec9 s\u1ed1 cao b\u1ea5t k\u1ef3<\/strong>.<br>\u2705 <strong>Qu\u00e0 \u0111\u1eb7c bi\u1ec7t c\u00f3 th\u1ec3 nh\u1eadn \u0111\u01b0\u1ee3c th\u1ebb ICON<\/strong>.<br>\u2705 <strong>S\u1ed1 nhi\u1ec7m v\u1ee5 \u0111\u01b0\u1ee3c t\u00e0i tr\u1ee3 +2<\/strong>.<\/p>\n\n\n\n<p>Sau khi s\u1eed d\u1ee5ng ph\u1ea7n m\u1ec1m t\u00ednh ph\u00ed s\u1ebd \u0111\u01b0\u1ee3c h\u1ed7 tr\u1ee3 c\u00e0i qua ultraview\/teamview v\u00e0 h\u1ed7 tr\u1ee3 l\u1ed7i key v\u0129nh vi\u1ec5n!<\/p>\n\n\n\n<h2 class=\"wp-block-heading\"><span class=\"ez-toc-section\" id=\"Ho_tro_cai_dat_va_bao_hanh\"><\/span>H\u1ed7 tr\u1ee3 c\u00e0i \u0111\u1eb7t v\u00e0 b\u1ea3o h\u00e0nh<span class=\"ez-toc-section-end\"><\/span><\/h2>\n\n\n\n<ul class=\"wp-block-list\">\n<li>Sau khi s\u1eed d\u1ee5ng ph\u1ea7n m\u1ec1m <strong>t\u00ednh ph\u00ed<\/strong>, s\u1ebd \u0111\u01b0\u1ee3c h\u1ed7 tr\u1ee3 <strong>c\u00e0i \u0111\u1eb7t qua Ultraview\/Teamview<\/strong>.<\/li>\n\n\n\n<li><strong>H\u1ed7 tr\u1ee3 l\u1ed7i key v\u0129nh vi\u1ec5n<\/strong>.<\/li>\n<\/ul>\n\n\n\n<p>\ud83d\udcb0 <strong>B\u1ea3ng gi\u00e1<\/strong>:<\/p>\n\n\n\n<p class=\"has-vivid-cyan-blue-color has-text-color\" style=\"font-size:45px\"><strong>\ufffd\ufffd 90k 6 th\u00e1ng<br>\ufffd\ufffd 130k 1 n\u0103m<br>\ufffd\ufffd 150k v\u0129nh vi\u1ec5n (gi\u00e1 \u0111ang khuy\u1ebfn m\u00e3i) <\/strong><\/p>\n\n\n<div class=\"wp-block-image is-style-default\">\n<figure class=\"aligncenter size-large is-resized\"><img fetchpriority=\"high\" decoding=\"async\" width=\"927\" height=\"1024\" src=\"https:\/\/trannghiait.com\/wp-content\/uploads\/2025\/01\/Capture-2-927x1024.png\" alt=\"\" class=\"wp-image-2888\" style=\"width:885px;height:auto\" srcset=\"https:\/\/trannghiait.com\/wp-content\/uploads\/2025\/01\/Capture-2-927x1024.png 927w, https:\/\/trannghiait.com\/wp-content\/uploads\/2025\/01\/Capture-2-272x300.png 272w, https:\/\/trannghiait.com\/wp-content\/uploads\/2025\/01\/Capture-2-768x848.png 768w, https:\/\/trannghiait.com\/wp-content\/uploads\/2025\/01\/Capture-2.png 986w\" sizes=\"(max-width: 927px) 100vw, 927px\" \/><figcaption class=\"wp-element-caption\"><strong>Link t\u1ea3i ph\u1ea7n m\u1ec1m (\u0111\u00e3 c\u00f3 h\u01a1n 6078 ng\u01b0\u1eddi tham gia \u0111\u0103ng k\u00fd s\u1eed d\u1ee5ng)<\/strong><\/figcaption><\/figure><\/div>\n\n\n<p class=\"has-text-align-center has-large-font-size\"><a href=\"https:\/\/trannghiait.com\/wp-content\/uploads\/2023\/04\/Bo-Gcafe-Ban-V4.zip\" data-type=\"URL\" data-id=\"https:\/\/trannghiait.com\/wp-content\/uploads\/2023\/04\/Bo-Gcafe-Ban-V4.zip\" target=\"_blank\" rel=\"noreferrer noopener\">Click v\u00e0o link t\u1ea3i file<\/a><\/p>\n\n\n\n<h2 class=\"wp-block-heading has-large-font-size\"><span class=\"ez-toc-section\" id=\"Lien_He\"><\/span>Li\u00ean H\u1ec7<span class=\"ez-toc-section-end\"><\/span><\/h2>\n\n\n\n<p class=\"has-text-align-center has-large-font-size\"><a rel=\"noreferrer noopener\" href=\"https:\/\/www.facebook.com\/GcafeTNIT\" target=\"_blank\">https:\/\/www.facebook.com\/GcafeTNIT<\/a><\/p>\n\n\n\n<p class=\"has-text-align-center has-x-large-font-size\">CH\u1ee8C N\u0102NG CH\u00cdNH C\u1ee6A GCAFEX<\/p>\n\n\n\n<h3 class=\"wp-block-heading has-large-font-size\"><span class=\"ez-toc-section\" id=\"CHUC_NANG_TU_SUA_LOI_KEY\"><\/span><strong><em>CH\u1ee8C N\u0102NG T\u1ef0 S\u1eecA L\u1ed6I KEY<\/em><\/strong><span class=\"ez-toc-section-end\"><\/span><\/h3>\n\n\n\n<p class=\"has-medium-font-size\"><strong>\ud83c\udf40\ud83c\udf40 Key \u0111\u01b0\u1ee3c l\u1ea5y t\u1eeb server n\u00ean c\u00f3 th\u1ec3 update key li\u00ean t\u1ee5c n\u00ean kh\u00f4ng c\u1ea7n ultraview qua m\u00e1y kh\u00e1ch h\u00e0ng th\u01b0\u1eddng xuy\u00ean. Ti\u1ebft ki\u1ec7m th\u1eddi gian cho ng\u01b0\u1eddi s\u1eed d\u1ee5ng (v\u00e0 quan tr\u1ecdng l\u00e0 d\u00f9ng key c\u1ee7a G\u00e0 R\u00e1n (Garena) nh\u00e9, \u0111\u1ea3m b\u1ea3o an to\u00e0n khi d\u00f9ng Gcafe)<\/strong><\/p>\n\n\n\n<pre class=\"wp-block-verse has-large-font-size\"><strong><em>GET INFO<\/em><\/strong><\/pre>\n\n\n\n<p class=\"has-medium-font-size\"><strong>\ud83c\udf52\ud83c\udf52 C\u00f3 ch\u1ee9c n\u0103ng l\u01b0u th\u00f4ng tin ng\u01b0\u1eddi d\u00f9ng. Check th\u00f4ng tin ng\u01b0\u1eddi d\u00f9ng \u0111\u1ec3 k\u00edch ho\u1ea1t GcafeX tr\u00ean m\u00e1y t\u00ednh c\u1ee7a ng\u01b0\u1eddi d\u00f9ng v\u00e0 s\u1eb5n s\u00e0ng h\u1ed7 tr\u1ee3 ng\u01b0\u1eddi d\u00f9ng trong b\u1ea5t k\u00ec tr\u01b0\u1eddng h\u1ee3p n\u00e0o nh\u01b0: l\u1ed7i win ph\u1ea3i c\u00e0i l\u1ea1i win, v\u00f4 t\u00ecnh x\u00f3a b\u1ecf gcafex ho\u1eb7c mu\u1ed1n chuy\u1ec3n \u0111\u1ed5i qua m\u00e1y kh\u00e1c. Kh\u00f4ng ph\u1ea3i mua l\u1ea1i to\u00e0n b\u1ed9<\/strong><\/p>\n\n\n\n<p class=\"has-medium-font-size\"><strong>&#8211; H\u1ed7 tr\u1ee3 Window xp, Window 7, Window 8, Window 10, Window 11.<br>&#8211; H\u1ed7 tr\u1ee3 tr\u00ean m\u1ecdi \u0111\u1ed9 ph\u00e2n gi\u1ea3i m\u00e0n h\u00ecnh.<\/strong><\/p>\n\n\n\n<h2 class=\"wp-block-heading has-medium-font-size\"><span class=\"ez-toc-section\" id=\"Giao_dich_GcafeX\"><\/span>Giao d\u1ecbch #GcafeX<span class=\"ez-toc-section-end\"><\/span><\/h2>\n\n\n\n<p>\ud83d\udce2 <strong>Thanh to\u00e1n qua<\/strong>:<\/p>\n\n\n\n<ul class=\"wp-block-list\">\n<li>#MoMo<\/li>\n\n\n\n<li>#ZaloPay<\/li>\n\n\n\n<li>#ShopeePay<\/li>\n\n\n\n<li>#InternetBanking<\/li>\n\n\n\n<li>Chuy\u1ec3n kho\u1ea3n ng\u00e2n h\u00e0ng<\/li>\n<\/ul>\n\n\n\n<p><strong>Th\u00f4ng tin thanh to\u00e1n<\/strong>:<\/p>\n\n\n\n<p><strong>MoMo<\/strong>: <code>0945673720<\/code> \u2013 Tr\u1ea7n Ngh\u0129a (chuy\u1ec3n ti\u1ec1n)<br><strong>AirPay<\/strong>: <code>0945673720<\/code> \u2013 Tr\u1ea7n Ngh\u0129a (chuy\u1ec3n ti\u1ec1n)<br><strong>ZaloPay<\/strong>: <code>0945673720<\/code> \u2013 Tr\u1ea7n Ph\u1ea1m Minh Ngh\u0129a (chuy\u1ec3n ti\u1ec1n)<br><strong>ViettelPay<\/strong>: <code>0945673720<\/code> \u2013 Tr\u1ea7n Ngh\u0129a (chuy\u1ec3n ti\u1ec1n)<br><strong>ShopeePay<\/strong>: <code>0945673720<\/code> \u2013 Tr\u1ea7n Ph\u1ea1m Minh Ngh\u0129a (chuy\u1ec3n ti\u1ec1n)<\/p>\n\n\n\n<p><strong>Ng\u00e2n h\u00e0ng<\/strong>:<\/p>\n\n\n\n<p class=\"has-medium-font-size\"><strong>Ch\u1ee7 t\u00e0i kho\u1ea3n<\/strong>: Tr\u1ea7n Ph\u1ea1m Minh Ngh\u0129a<\/p>\n\n\n\n<p><strong>Vietcombank<\/strong><\/p>\n\n\n\n<p><strong>STK<\/strong>: <code>0791000060226<\/code><\/p>\n\n\n\n<figure class=\"wp-block-embed is-type-video is-provider-youtube wp-block-embed-youtube wp-embed-aspect-16-9 wp-has-aspect-ratio\"><div class=\"wp-block-embed__wrapper\">\n<iframe title=\"C\u00e1ch C\u00e0i Gcafe FiFa Online 4 mi\u1ec5n ph\u00ed IGR Free\" width=\"500\" height=\"281\" src=\"https:\/\/www.youtube.com\/embed\/AnrHs03FrLw?feature=oembed\" frameborder=\"0\" allow=\"accelerometer; autoplay; clipboard-write; encrypted-media; gyroscope; picture-in-picture; web-share\" referrerpolicy=\"strict-origin-when-cross-origin\" allowfullscreen><\/iframe>\n<\/div><\/figure>\n\n\n<ul class=\"wp-block-latest-posts__list is-grid columns-4 wp-block-latest-posts\"><li><div class=\"wp-block-latest-posts__featured-image\"><img decoding=\"async\" width=\"150\" height=\"150\" src=\"https:\/\/trannghiait.com\/wp-content\/uploads\/2025\/08\/image-150x150.png\" class=\"attachment-thumbnail size-thumbnail wp-post-image\" alt=\"\" style=\"\" \/><\/div><a class=\"wp-block-latest-posts__post-title\" href=\"https:\/\/trannghiait.com\/index.php\/2025\/08\/08\/so-sanh-cac-phien-ban-chatgpt-gpt-4-gpt-4-1-gpt-4o-gpt-4-1-mini-dau-la-lua-chon-tot-nhat\/\">So S\u00e1nh C\u00e1c Phi\u00ean B\u1ea3n ChatGPT: GPT-4, GPT-4.1, GPT-4o, GPT-4.1 Mini \u2013 \u0110\u00e2u L\u00e0 L\u1ef1a Ch\u1ecdn T\u1ed1t Nh\u1ea5t?<\/a><\/li>\n<li><div class=\"wp-block-latest-posts__featured-image\"><img decoding=\"async\" width=\"150\" height=\"150\" src=\"https:\/\/trannghiait.com\/wp-content\/uploads\/2025\/02\/Pi-Network-binance.jpeg-150x150.webp\" class=\"attachment-thumbnail size-thumbnail wp-post-image\" alt=\"\" style=\"\" \/><\/div><a class=\"wp-block-latest-posts__post-title\" href=\"https:\/\/trannghiait.com\/index.php\/2025\/02\/22\/pi-network-co-that-su-tot-nhu-cach-moi-nguoi-hay-noi-voi-toi\/\">Pi Network: C\u00f3 th\u1eadt s\u1ef1 t\u1ed1t nh\u01b0 c\u00e1ch m\u1ecdi ng\u01b0\u1eddi hay n\u00f3i v\u1edbi t\u00f4i?<\/a><\/li>\n<li><div class=\"wp-block-latest-posts__featured-image\"><img loading=\"lazy\" decoding=\"async\" width=\"150\" height=\"150\" src=\"https:\/\/trannghiait.com\/wp-content\/uploads\/2025\/01\/images-150x150.jpg\" class=\"attachment-thumbnail size-thumbnail wp-post-image\" alt=\"\" style=\"\" \/><\/div><a class=\"wp-block-latest-posts__post-title\" href=\"https:\/\/trannghiait.com\/index.php\/2025\/01\/31\/deepseek-buoc-tien-moi-trong-cuoc-dua-tri-tue-nhan-tao-toan-cau\/\">DeepSeek: B\u01b0\u1edbc Ti\u1ebfn M\u1edbi Trong Cu\u1ed9c \u0110ua Tr\u00ed Tu\u1ec7 Nh\u00e2n T\u1ea1o To\u00e0n C\u1ea7u<\/a><\/li>\n<li><div class=\"wp-block-latest-posts__featured-image\"><img loading=\"lazy\" decoding=\"async\" width=\"150\" height=\"150\" src=\"https:\/\/trannghiait.com\/wp-content\/uploads\/2025\/01\/Capture-150x150.png\" class=\"attachment-thumbnail size-thumbnail wp-post-image\" alt=\"\" style=\"\" \/><\/div><a class=\"wp-block-latest-posts__post-title\" href=\"https:\/\/trannghiait.com\/index.php\/2025\/01\/04\/loi-no-module-named-moviepy-editor-khi-cai-dat-thu-vien-tren-python\/\">L\u1ed7i No module named &#8216;moviepy.editor&#8217; khi c\u00e0i \u0111\u1eb7t th\u01b0 vi\u1ec7n tr\u00ean Python<\/a><\/li>\n<li><div class=\"wp-block-latest-posts__featured-image\"><img loading=\"lazy\" decoding=\"async\" width=\"150\" height=\"150\" src=\"https:\/\/trannghiait.com\/wp-content\/uploads\/2025\/01\/image-150x150.png\" class=\"attachment-thumbnail size-thumbnail wp-post-image\" alt=\"\" style=\"\" \/><\/div><a class=\"wp-block-latest-posts__post-title\" href=\"https:\/\/trannghiait.com\/index.php\/2025\/01\/04\/huong-dan-chi-tiet-cach-tao-shortcut-tap-tin-tren-windows-va-loi-ich-su-dung\/\">H\u01b0\u1edbng D\u1eabn Chi Ti\u1ebft: C\u00e1ch T\u1ea1o Shortcut T\u1eadp Tin tr\u00ean Windows 10\/11 v\u00e0 L\u1ee3i \u00cdch S\u1eed D\u1ee5ng<\/a><\/li>\n<li><div class=\"wp-block-latest-posts__featured-image\"><img loading=\"lazy\" decoding=\"async\" width=\"150\" height=\"150\" src=\"https:\/\/trannghiait.com\/wp-content\/uploads\/2024\/12\/image-11-150x150.png\" class=\"attachment-thumbnail size-thumbnail wp-post-image\" alt=\"\" style=\"\" \/><\/div><a class=\"wp-block-latest-posts__post-title\" href=\"https:\/\/trannghiait.com\/index.php\/2024\/12\/26\/huong-dan-xac-thuc-so-dien-thoai-cccd-cho-tai-khoan-facebook-chi-tiet\/\">H\u01af\u1edaNG D\u1eaaN X\u00c1C TH\u1ef0C S\u1ed0 \u0110I\u1ec6N THO\u1ea0I\/CCCD CHO T\u00c0I KHO\u1ea2N FACEBOOK CHI TI\u1ebeT<\/a><\/li>\n<li><div class=\"wp-block-latest-posts__featured-image\"><img loading=\"lazy\" decoding=\"async\" width=\"150\" height=\"150\" src=\"https:\/\/trannghiait.com\/wp-content\/uploads\/2023\/08\/Microsoft_Office_Excel_2019\u2013present.svg_-150x150.png\" class=\"attachment-thumbnail size-thumbnail wp-post-image\" alt=\"\" style=\"\" \/><\/div><a class=\"wp-block-latest-posts__post-title\" href=\"https:\/\/trannghiait.com\/index.php\/2024\/12\/24\/cach-chuyen-gia-tri-co-dinh-dang-ngay-thang-nam-sang-dinh-dang-text-khong-bi-thay-doi-gia-tri\/\">C\u00e1ch chuy\u1ec3n gi\u00e1 tr\u1ecb c\u00f3 \u0111\u1ecbnh d\u1ea1ng ng\u00e0y th\u00e1ng n\u0103m sang \u0111\u1ecbnh d\u1ea1ng TEXT kh\u00f4ng b\u1ecb thay \u0111\u1ed5i gi\u00e1 tr\u1ecb<\/a><\/li>\n<li><div class=\"wp-block-latest-posts__featured-image\"><img loading=\"lazy\" decoding=\"async\" width=\"150\" height=\"150\" src=\"https:\/\/trannghiait.com\/wp-content\/uploads\/2024\/11\/hoi-150x150.jpg\" class=\"attachment-thumbnail size-thumbnail wp-post-image\" alt=\"\" style=\"\" \/><\/div><a class=\"wp-block-latest-posts__post-title\" href=\"https:\/\/trannghiait.com\/index.php\/2024\/11\/26\/nguy-co-hoi-tu-viec-nho-toc-bac\/\">Nguy c\u01a1 &#8220;H\u00f3i&#8221; t\u1eeb vi\u1ec7c nh\u1ed5 t\u00f3c b\u1ea1c<\/a><\/li>\n<\/ul>\n\n\n<p><\/p>\n","protected":false},"excerpt":{"rendered":"<div class=\"mh-excerpt\"><p>Gcafe l\u00e0 g\u00ec? Gcafe l\u00e0 t\u00ednh n\u0103ng c\u1ee7a game FIFA ONLINE 4 (hi\u1ec7n nay \u0111\u00e3 \u0111\u1ed5i t\u00ean th\u00e0nh FC Online).M\u1ee5c \u0111\u00edch c\u1ee7a Gcafe l\u00e0 mang <a class=\"mh-excerpt-more\" href=\"https:\/\/trannghiait.com\/index.php\/bocaigcafev4\/\" title=\"Gcafe (b\u1ea3o h\u00e0nh)\">[&#8230;]<\/a><\/p>\n<\/div>","protected":false},"author":1,"featured_media":36,"parent":0,"menu_order":0,"comment_status":"open","ping_status":"closed","template":"","meta":{"footnotes":""},"class_list":["post-21","page","type-page","status-publish","has-post-thumbnail","hentry"],"_links":{"self":[{"href":"https:\/\/trannghiait.com\/index.php\/wp-json\/wp\/v2\/pages\/21","targetHints":{"allow":["GET"]}}],"collection":[{"href":"https:\/\/trannghiait.com\/index.php\/wp-json\/wp\/v2\/pages"}],"about":[{"href":"https:\/\/trannghiait.com\/index.php\/wp-json\/wp\/v2\/types\/page"}],"author":[{"embeddable":true,"href":"https:\/\/trannghiait.com\/index.php\/wp-json\/wp\/v2\/users\/1"}],"replies":[{"embeddable":true,"href":"https:\/\/trannghiait.com\/index.php\/wp-json\/wp\/v2\/comments?post=21"}],"version-history":[{"count":85,"href":"https:\/\/trannghiait.com\/index.php\/wp-json\/wp\/v2\/pages\/21\/revisions"}],"predecessor-version":[{"id":2941,"href":"https:\/\/trannghiait.com\/index.php\/wp-json\/wp\/v2\/pages\/21\/revisions\/2941"}],"wp:featuredmedia":[{"embeddable":true,"href":"https:\/\/trannghiait.com\/index.php\/wp-json\/"}],"wp:attachment":[{"href":"https:\/\/trannghiait.com\/index.php\/wp-json\/wp\/v2\/media?parent=21"}],"curies":[{"name":"wp","href":"https:\/\/api.w.org\/{rel}","templated":true}]}}