{"id":10,"date":"2022-03-16T15:46:41","date_gmt":"2022-03-16T15:46:41","guid":{"rendered":"http:\/\/ads.gcafefo4.pe.hu\/?page_id=2"},"modified":"2023-08-21T00:03:12","modified_gmt":"2023-08-20T17:03:12","slug":"info-page","status":"publish","type":"page","link":"https:\/\/trannghiait.com\/index.php\/lien-he\/info-page\/","title":{"rendered":"Gi\u1edbi thi\u1ec7u"},"content":{"rendered":"\n<p>L\u00e0 m\u1ed9t k\u1ef9 s\u01b0 IT v\u1edbi t\u00e2m huy\u1ebft v\u00e0 ni\u1ec1m \u0111am m\u00ea v\u1edbi l\u1eadp tr\u00ecnh, lu\u00f4n c\u1ed1 g\u1eafng n\u1ed7 l\u1ef1c \u0111\u1ec3 ph\u00e1t tri\u1ec3n nh\u1eefng ph\u1ea7n m\u1ec1m c\u1ee7a b\u1ea3n th\u00e2n \u0111\u1ec3 ph\u1ee5c v\u1ee5 cho m\u1ecdi ng\u01b0\u1eddi.<\/p>\n\n\n\n<blockquote class=\"wp-block-quote is-style-large is-layout-flow wp-block-quote-is-layout-flow\">\n<p>H\u1ecdc h\u1ecfi v\u00e0 trau d\u1ed3i k\u1ef9 n\u0103ng l\u00e0 m\u1ee5c ti\u00eau c\u1ed1t l\u00f5i trong qu\u00e1 tr\u00ecnh ph\u1ea5n \u0111\u1ea5u c\u1ee7a t\u00f4i, t\u00f4i lu\u00f4n mu\u1ed1n mang cho m\u00ecnh th\u1eadt nhi\u1ec1u ki\u1ebfn th\u1ee9c \u0111\u1ec3 c\u00f3 th\u1ec3 ph\u00e1t tri\u1ec3n n\u00f3.<\/p>\n<\/blockquote>\n\n\n\n<p>&#8230;v\u00e0 \u0111\u1ebfn m\u1ed9t ng\u00e0y:<\/p>\n\n\n\n<blockquote class=\"wp-block-quote is-layout-flow wp-block-quote-is-layout-flow\">\n<p>T\u00f4i nh\u1eadn ra ni\u1ec1m \u0111am m\u00ea ph\u1ea3i \u0111i k\u00e8m v\u1edbi cu\u1ed9c s\u1ed1ng v\u00e0 c\u00f4ng vi\u1ec7c. C\u00f4ng vi\u1ec7c hi\u1ec7n t\u1ea1i c\u1ee7a t\u00f4i l\u00e0 l\u00e0m v\u0103n ph\u00f2ng, ph\u1ea3i l\u00e0m nh\u1eefng th\u1ee9 l\u1eb7p \u0111i l\u1eb7p l\u1ea1i nh\u00e0m ch\u00e1n n\u00e0y. R\u1ed3i m\u1ed9t ng\u00e0y, \u00e0 m\u00e0 h\u00ecnh nh\u01b0 l\u00e0 h\u00f4m nay \u0111\u1ea5y. T\u00f4i b\u1ed7ng nh\u1eadn ra m\u00ecnh n\u00ean l\u00e0m m\u1ed9t c\u00e1i g\u00ec \u0111\u00f3 v\u1eeba t\u1ea1o \u0111\u01b0\u1ee3c ni\u1ec1m \u0111am m\u00ea ti\u1ebfp t\u1ee5c cho b\u1ea3n th\u00e2n v\u1eeba t\u1ea1o \u0111\u1ed9ng l\u1ef1c v\u00e0 ki\u1ebfn th\u1ee9c cho m\u1ecdi ng\u01b0\u1eddi.<\/p>\n<\/blockquote>\n\n\n\n<p>T\u1eeb \u0111\u00f3, website n\u00e0y ra \u0111\u1eddi \u0111\u1ea5y, nh\u1edb \u1ee7ng h\u1ed9 t\u00f4i n\u00e0o m\u1ecdi ng\u01b0\u1eddi, ch\u00fac m\u1ecdi ng\u01b0\u1eddi lu\u00f4n vui!<\/p>\n","protected":false},"excerpt":{"rendered":"<div class=\"mh-excerpt\"><p>L\u00e0 m\u1ed9t k\u1ef9 s\u01b0 IT v\u1edbi t\u00e2m huy\u1ebft v\u00e0 ni\u1ec1m \u0111am m\u00ea v\u1edbi l\u1eadp tr\u00ecnh, lu\u00f4n c\u1ed1 g\u1eafng n\u1ed7 l\u1ef1c \u0111\u1ec3 ph\u00e1t tri\u1ec3n nh\u1eefng ph\u1ea7n <a class=\"mh-excerpt-more\" href=\"https:\/\/trannghiait.com\/index.php\/lien-he\/info-page\/\" title=\"Gi\u1edbi thi\u1ec7u\">[&#8230;]<\/a><\/p>\n<\/div>","protected":false},"author":1,"featured_media":643,"parent":309,"menu_order":0,"comment_status":"open","ping_status":"open","template":"","meta":{"footnotes":""},"class_list":["post-10","page","type-page","status-publish","has-post-thumbnail","hentry"],"_links":{"self":[{"href":"https:\/\/trannghiait.com\/index.php\/wp-json\/wp\/v2\/pages\/10","targetHints":{"allow":["GET"]}}],"collection":[{"href":"https:\/\/trannghiait.com\/index.php\/wp-json\/wp\/v2\/pages"}],"about":[{"href":"https:\/\/trannghiait.com\/index.php\/wp-json\/wp\/v2\/types\/page"}],"author":[{"embeddable":true,"href":"https:\/\/trannghiait.com\/index.php\/wp-json\/wp\/v2\/users\/1"}],"replies":[{"embeddable":true,"href":"https:\/\/trannghiait.com\/index.php\/wp-json\/wp\/v2\/comments?post=10"}],"version-history":[{"count":2,"href":"https:\/\/trannghiait.com\/index.php\/wp-json\/wp\/v2\/pages\/10\/revisions"}],"predecessor-version":[{"id":644,"href":"https:\/\/trannghiait.com\/index.php\/wp-json\/wp\/v2\/pages\/10\/revisions\/644"}],"up":[{"embeddable":true,"href":"https:\/\/trannghiait.com\/index.php\/wp-json\/wp\/v2\/pages\/309"}],"wp:featuredmedia":[{"embeddable":true,"href":"https:\/\/trannghiait.com\/index.php\/wp-json\/wp\/v2\/media\/643"}],"wp:attachment":[{"href":"https:\/\/trannghiait.com\/index.php\/wp-json\/wp\/v2\/media?parent=10"}],"curies":[{"name":"wp","href":"https:\/\/api.w.org\/{rel}","templated":true}]}}